inder when 48655 is divided by 383?
14
Calculate the remainder when 276747 is divided by 54.
51
What is the remainder when 73645 is divided by 30?
25
What is the remainder when 1999497 is divided by 125?
122
What is the remainder when 3514 is divided by 17?
12
What is the remainder when 391386 is divided by 195682?
22
Calculate the remainder when 13773 is divided by 100.
73
Calculate the remainder when 121864 is divided by 131.
34
Calculate the remainder when 7749 is divided by 729.
459
Calculate the remainder when 2365 is divided by 2333.
32
Calculate the remainder when 10155 is divided by 97.
67
What is the remainder when 38903 is divided by 38896?
7
What is the remainder when 281374 is divided by 2490?
4
What is the remainder when 39069 is divided by 12?
9
What is the remainder when 2984 is divided by 296?
24
What is the remainder when 16573 is divided by 1586?
713
Calculate the remainder when 48968 is divided by 742.
738
What is the remainder when 49031 is divided by 12217?
163
What is the remainder when 11707 is divided by 66?
25
What is the remainder when 2050 is divided by 73?
6
What is the remainder when 833152 is divided by 10?
2
What is the remainder when 20409 is divided by 6799?
12
Calculate the remainder when 367738 is divided by 501.
4
What is the remainder when 5201099 is divided by 450?
449
Calculate the remainder when 15086 is divided by 352.
302
What is the remainder when 32347 is divided by 8073?
55
Calculate the remainder when 2634 is divided by 418.
126
Calculate the remainder when 8372 is divided by 199.
14
Calculate the remainder when 482690 is divided by 11.
10
What is the remainder when 169485 is divided by 144?
141
What is the remainder when 4369 is divided by 728?
1
Calculate the remainder when 1539 is divided by 414.
297
What is the remainder when 30648 is divided by 72?
48
Calculate the remainder when 4965 is divided by 179.
132
Calculate the remainder when 2803 is divided by 1376.
51
Calculate the remainder when 9588 is divided by 661.
334
What is the remainder when 86905 is divided by 22?
5
Calculate the remainder when 2855 is divided by 220.
215
Calculate the remainder when 18212 is divided by 414.
410
What is the remainder when 296019 is divided by 38?
37
What is the remainder when 6720460 is divided by 69?
67
Calculate the remainder when 45224 is divided by 1256.
8
What is the remainder when 1549 is divided by 1369?
180
What is the remainder when 32470 is divided by 22?
20
What is the remainder when 35428 is divided by 4426?
20
What is the remainder when 25749 is divided by 1430?
9
What is the remainder when 192919 is divided by 84?
55
What is the remainder when 9463 is divided by 151?
101
What is the remainder when 181153 is divided by 39?
37
What is the remainder when 1231 is divided by 308?
307
Calculate the remainder when 3148 is divided by 175.
173
What is the remainder when 10678 is divided by 1556?
1342
Calculate the remainder when 1783 is divided by 804.
175
What is the remainder when 14013 is divided by 2797?
28
Calculate the remainder when 5707 is divided by 45.
37
What is the remainder when 2061 is divided by 1014?
33
What is the remainder when 1870 is divided by 36?
34
What is the remainder when 333 is divided by 36?
9
Calculate the remainder when 32482 is divided by 51.
46
What is the remainder when 6649 is divided by 119?
104
What is the remainder when 87207 is divided by 37?
35
What is the remainder when 51175 is divided by 8?
7
What is the remainder when 90771 is divided by 18154?
1
Calculate the remainder when 11600 is divided by 553.
540
What is the remainder when 20307 is divided by 2028?
27
What is the remainder when 49656 is divided by 49649?
7
Calculate the remainder when 14838 is divided by 4940.
18
What is the remainder when 95744 is divided by 285?
269
Calculate the remainder when 6985 is divided by 1694.
209
Calculate the remainder when 779031 is divided by 34.
23
Calculate the remainder when 11715 is divided by 587.
562
What is the remainder when 5373 is divided by 677?
634
Calculate the remainder when 1144 is divided by 254.
128
Calculate the remainder when 20104 is divided by 18.
16
What is the remainder when 29393 is divided by 3674?
1
What is the remainder when 129986 is divided by 9284?
10
Calculate the remainder when 1308 is divided by 133.
111
What is the remainder when 66302 is divided by 43?
39
Calculate the remainder when 138763 is divided by 17.
9
Calculate the remainder when 45743 is divided by 11431.
19
Calculate the remainder when 1296 is divided by 20.
16
Calculate the remainder when 2931584 is divided by 44.
40
Calculate the remainder when 356392 is divided by 78.
10
Calculate the remainder when 14802 is divided by 518.
298
Calculate the remainder when 503169 is divided by 944.
17
Calculate the remainder when 1300 is divided by 705.
595
What is the remainder when 1960 is divided by 1920?
40
What is the remainder when 344 is divided by 172?
0
What is the remainder when 2642 is divided by 116?
90
What is the remainder when 468343 is divided by 62?
57
Calculate the remainder when 1644277 is divided by 399.
397
What is the remainder when 19971 is divided by 227?
222
Calculate the remainder when 14626 is divided by 731.
6
What is the remainder when 2034 is divided by 251?
26
What is the remainder when 28841 is divided by 1253?
22
Calculate the remainder when 24851 is divided by 24825.
26
Calculate the remainder when 22978 is divided by 765.
28
What is the remainder when 2577 is divided by 88?
25
What is the remainder when 132795 is divided by 16?
11
What is the remainder when 2965 is divided by 115?
90
What is the remainder when 3478 is divided by 434?
6
Calculate the remainder when 4737 is divided by 314.
27
What is the remainder when 8540 is divided by 41?
12
What is the remainder when 2646 is divided by 149?
113
Calculate the remainder when 4687 is divided by 929.
42
What is the remainder when 23965 is divided by 5991?
1
What is the remainder when 5315 is divided by 196?
23
What is the remainder when 213225 is divided by 558?
69
Calculate the remainder when 27961 is divided by 269.
254
What is the remainder when 1780 is divided by 658?
464
Calculate the remainder when 1710 is divided by 278.
42
Calculate the remainder when 1019 is divided by 300.
119
Calculate the remainder when 8667 is divided by 8652.
15
Calculate the remainder when 37475 is divided by 66.
53
What is the remainder when 2244 is divided by 369?
30
Calculate the remainder when 10367 is divided by 72.
71
What is the remainder when 15403 is divided by 24?
19
Calculate the remainder when 69492 is divided by 18.
12
Calculate the remainder when 589333 is divided by 296.
293
What is the remainder when 508625 is divided by 508616?
9
Calculate the remainder when 604317 is divided by 480.
477
Calculate the remainder when 2068 is divided by 338.
40
Calculate the remainder when 19262 is divided by 347.
177
What is the remainder when 146382 is divided by 9758?
12
What is the remainder when 75533 is divided by 22?
7
Calculate the remainder when 6821 is divided by 480.
101
What is the remainder when 5210 is divided by 1038?
20
Calculate the remainder when 14901 is divided by 527.
145
Calculate the remainder when 26620 is divided by 99.
88
What is the remainder when 2299 is divided by 40?
19
Calculate the remainder when 375755 is divided by 125247.
14
Calculate the remainder when 12441 is divided by 377.
0
What is the remainder when 66065 is divided by 5061?
272
What is the remainder when 13602 is divided by 620?
582
Calculate the remainder when 473581 is divided by 443.
14
Calculate the remainder when 20025 is divided by 2778.
579
What is the remainder when 343511 is divided by 36?
35
Calculate the remainder when 33891 is divided by 14.
11
Calculate the remainder when 88999 is divided by 18.
7
Calculate the remainder when 73336 is divided by 1146.
1138
Calculate the remainder when 10644 is divided by 333.
321
What is the remainder when 3294 is divided by 786?
150
What is the remainder when 9716 is divided by 45?
41
Calculate the remainder when 4101 is divided by 4097.
4
What is the remainder when 10013 is divided by 32?
29
What is the remainder when 267872 is divided by 53570?
22
What is the remainder when 606175